mon factor of 1841 and 14?
7
What is the greatest common divisor of 63 and 3447?
9
Calculate the greatest common factor of 52142 and 58.
58
Calculate the greatest common divisor of 96 and 24.
24
Calculate the greatest common divisor of 77 and 1001.
77
Calculate the greatest common divisor of 1856 and 320.
64
What is the highest common factor of 40 and 145?
5
Calculate the highest common factor of 188 and 141.
47
Calculate the greatest common divisor of 34 and 1802.
34
What is the greatest common factor of 150 and 10275?
75
Calculate the highest common divisor of 374 and 2750.
22
What is the highest common factor of 45 and 3195?
45
Calculate the highest common divisor of 1008 and 147.
21
Calculate the highest common divisor of 3325 and 855.
95
Calculate the highest common divisor of 40 and 280.
40
Calculate the greatest common factor of 60 and 40.
20
What is the highest common factor of 29 and 1856?
29
Calculate the greatest common factor of 192 and 1984.
64
What is the highest common divisor of 36 and 9342?
18
Calculate the highest common factor of 13 and 123.
1
Calculate the greatest common factor of 161 and 119.
7
Calculate the greatest common divisor of 51 and 3111.
51
Calculate the highest common factor of 14 and 175.
7
Calculate the greatest common divisor of 323 and 76.
19
What is the highest common divisor of 11 and 3707?
11
What is the highest common factor of 93 and 1023?
93
What is the highest common factor of 2445 and 15?
15
Calculate the highest common factor of 14 and 28.
14
What is the highest common divisor of 186 and 16554?
186
Calculate the highest common divisor of 144 and 16.
16
Calculate the highest common divisor of 713 and 69.
23
Calculate the greatest common divisor of 75015 and 45.
45
Calculate the highest common divisor of 14 and 938.
14
What is the greatest common divisor of 742 and 530?
106
Calculate the highest common divisor of 4906 and 66.
22
Calculate the highest common divisor of 53 and 2703.
53
Calculate the highest common factor of 24 and 456.
24
What is the highest common divisor of 2771 and 17?
17
What is the highest common divisor of 24 and 6744?
24
Calculate the highest common factor of 299 and 26.
13
What is the greatest common factor of 50 and 2075?
25
Calculate the highest common factor of 7 and 13.
1
What is the greatest common divisor of 854 and 168?
14
Calculate the greatest common divisor of 19515 and 30.
15
What is the greatest common factor of 56 and 1134?
14
Calculate the highest common factor of 24 and 264.
24
What is the greatest common divisor of 342 and 418?
38
What is the highest common factor of 80 and 30?
10
What is the highest common divisor of 372 and 4008?
12
What is the highest common divisor of 656 and 41?
41
Calculate the highest common factor of 42 and 56.
14
What is the greatest common divisor of 11 and 2?
1
Calculate the greatest common divisor of 39 and 27.
3
Calculate the highest common divisor of 1328 and 83.
83
What is the greatest common factor of 3 and 525?
3
What is the greatest common factor of 162 and 594?
54
Calculate the greatest common factor of 407 and 333.
37
Calculate the highest common factor of 909 and 3.
3
Calculate the highest common factor of 1053 and 26.
13
What is the highest common divisor of 112 and 128?
16
Calculate the highest common divisor of 20 and 3460.
20
What is the greatest common factor of 20 and 470?
10
Calculate the greatest common divisor of 78 and 1326.
78
What is the highest common factor of 3 and 4737?
3
What is the greatest common factor of 8460 and 2340?
180
Calculate the highest common divisor of 274 and 3014.
274
What is the highest common divisor of 392 and 147?
49
What is the greatest common divisor of 50 and 40?
10
Calculate the greatest common divisor of 28 and 6.
2
Calculate the highest common factor of 392 and 10633.
49
What is the greatest common factor of 84 and 132?
12
What is the highest common factor of 165 and 297?
33
Calculate the greatest common factor of 27 and 15201.
27
What is the highest common divisor of 918 and 51?
51
Calculate the highest common divisor of 26 and 14521.
13
What is the highest common divisor of 133 and 228?
19
What is the greatest common factor of 3382 and 2?
2
Calculate the highest common divisor of 115 and 3565.
115
What is the highest common factor of 68 and 1598?
34
Calculate the greatest common divisor of 3 and 21.
3
Calculate the highest common factor of 1332 and 63.
9
What is the highest common factor of 86 and 3139?
43
Calculate the highest common factor of 216 and 3213.
27
What is the highest common factor of 2 and 6746?
2
What is the highest common divisor of 30 and 570?
30
What is the highest common factor of 375 and 825?
75
What is the greatest common factor of 4351 and 19?
19
What is the greatest common factor of 126 and 18?
18
What is the highest common divisor of 350 and 42?
14
What is the highest common factor of 1411 and 289?
17
Calculate the highest common factor of 290 and 464.
58
Calculate the greatest common divisor of 1136 and 426.
142
What is the highest common divisor of 1643 and 424?
53
Calculate the highest common factor of 7 and 469.
7
Calculate the highest common divisor of 348 and 36.
12
What is the greatest common factor of 1958 and 1068?
178
Calculate the greatest common factor of 9 and 63.
9
What is the greatest common divisor of 2159 and 7874?
127
What is the highest common factor of 5798 and 416?
26
Calculate the greatest common factor of 18855 and 45.
45
Calculate the greatest common factor of 4 and 94.
2
Calculate the greatest common divisor of 6943 and 262.
131
What is the highest common divisor of 80 and 40?
40
Calculate the highest common divisor of 459 and 81.
27
Calculate the greatest common divisor of 6 and 432.
6
What is the highest common factor of 152 and 361?
19
What is the greatest common divisor of 60 and 2260?
20
Calculate the highest common factor of 2418 and 1581.
93
Calculate the greatest common divisor of 3 and 5961.
3
Calculate the highest common divisor of 147 and 217.
7
What is the greatest common divisor of 662 and 45347?
331
What is the greatest common divisor of 75 and 24?
3
What is the greatest common factor of 104 and 806?
26
Calculate the greatest common divisor of 3689 and 17.
17
What is the greatest common divisor of 140 and 12?
4
What is the greatest common divisor of 65 and 10543?
13
What is the highest common divisor of 297 and 44?
11
Calculate the highest common factor of 30 and 66.
6
What is the highest common divisor of 18 and 477?
9
Calculate the greatest common factor of 234 and 16.
2
Calculate the greatest common divisor of 18902 and 26.
26
What is the greatest common divisor of 32 and 15320?
8
What is the greatest common factor of 10 and 15?
5
What is the highest common divisor of 22 and 627?
11
Calculate the greatest common divisor of 94 and 329.
47
What is the greatest common divisor of 15 and 21?
3
Calculate the highest common divisor of 340 and 20.
20
What is the highest common factor of 5 and 83?
1
What is the greatest common divisor of 72748 and 52?
52
What is the greatest common factor of 54 and 162?
54
Calculate the highest common factor of 99 and 18.
9
What is the greatest common factor of 138 and 1196?
46
Calculate the greatest common factor of 1364 and 88.
44
What is the highest common divisor of 240 and 86880?
240
Calculate the highest common divisor of 90 and 5238.
18
What is the highest common factor of 696 and 11368?
232
What is the greatest common factor of 1053 and 156?
39
What is the highest common factor of 50080 and 160?
160
What is the highest common factor of 23 and 667?
23
What is the greatest common divisor of 282 and 3901?
47
What is the highest common factor of 53 and 3869?
53
Calculate the highest common divisor of 78 and 650.
26
Calculate the greatest common divisor of 172 and 2021.
43
What is the greatest common divisor of 5925 and 150?
75
What is the greatest common divisor of 736 and 46?
46
Calculate the highest common divisor of 216 and 135.
27
What is the greatest common factor of 1088 and 128?
64
What is the greatest common factor of 90 and 990?
90
What is the highest common divisor of 76 and 4142?
38
What is the highest common factor of 99 and 165?
33
What is the greatest common factor of 